 -3 + -46 + 50.
-1
Calculate (1 - 4) + 3 + 0 + 14 + -20.
-6
What is 1 + -1 + 4 - (24 + -2 + 1)?
-19
What is -22 + (20 - 1) + -4 + 16?
9
What is -29 - (-6 + -9) - (-4 - 4)?
-6
What is the value of 11 + -34 - -29 - (-3 - 3)?
12
5 + -11 - (-31 + -5)
30
What is 6 + -4 + -3 - (-16 - 2)?
17
Evaluate -6 - (-29 - (-13 + -2)).
8
What is the value of 6 + -12 + -6 + 17?
5
-19 - (-13 - -12 - 10)
-8
What is the value of (30 - (18 - (2 + 7))) + 0?
21
What is the value of -5 - (-1 - 11) - 9?
-2
Calculate -100 + 87 - (2 - (0 + 4)).
-11
Calculate (19 - (19 + -4)) + (-1 - -1) + 14.
18
Evaluate 6 - ((-25 - -27) + 18).
-14
What is the value of 0 + 4 - 13 - (0 + -13 + -11)?
15
What is -7 + (-6 + 10 - 4) - -12?
5
What is the value of -5 - 2 - ((9 + -3 - 12) + 3)?
-4
8 + -13 - (-1 - -2) - (11 - 5)
-12
Evaluate -1 + -33 - (1 + -17 + -233 + 242).
-27
Calculate 21 + -1 + (-27 - -27).
20
What is the value of (5 - 0 - (4 - -4 - -3)) + 0?
-6
Evaluate -5 + (14 - (-1 + 16)).
-6
What is the value of 36 + (4 - 6) + (-2 + 17 - 11)?
38
Calculate -3 - (9 - (2 - (-3 - 3))) - 6.
-10
What is the value of 9 - (0 - 2 - (13 - 16)) - -8?
16
2 - (-2 - -2) - 0
2
-52 + 60 + -7 + (2 - 22)
-19
Calculate -1 + (-3 - (-23 - (-3 + 2)) - 7).
11
Evaluate -5 + 62 + (-5 - 13).
39
Calculate 21 + 7 + -34 + -3.
-9
Evaluate -13 - (14 - (5 + 8)).
-14
Calculate -5 - (-11 + 7 + 8 - (2 + -1)).
-8
Evaluate 3 - -1 - (537 + -519).
-14
What is the value of -6 + (-3 - -5) + 8 - 11?
-7
What is 260 - 248 - (13 + -1) - 14?
-14
Calculate 4 + -5 + (1 - 4) + -13 + 27.
10
What is the value of 15 - (-19 - -17 - -21)?
-4
Evaluate 13 + -40 + 13 + 3.
-11
What is the value of (29 - 28) + -1 + -2 + 0 + 0?
-2
Calculate -2 - 12 - (7 + (-9 - -1)).
-13
What is 1 + -3 + 0 - (52 - 65)?
11
What is the value of 10 + (-3 - -2) + 1 - (-300 - -300)?
10
What is the value of -7 + 3 + -6 + 11 - (-4 + -10)?
15
Evaluate 2 - (-1 + -5 - -11 - (-1 - -2)).
-2
Evaluate -1161 + 1219 + (1 - 37).
22
What is 9 - ((21 - 13) + -8)?
9
Calculate -4 + 1 + 13 + -23 + 37.
24
-130 + 110 + (19 - -2)
1
What is the value of 31 + -2 + 3 - 6?
26
-20 + (-32 - -75) - 30
-7
What is the value of (1 - 15) + -1 + (10 - (-2 + 5))?
-8
Calculate (18 - -3) + (-64 - -64).
21
Evaluate (7 - 10) + -1 + 4 + -1.
-1
0 - ((7 + -1 - 8) + 8)
-6
Calculate (1 - -8) + (-1 - 2) + -216 + 215.
5
Evaluate -18 + 0 + (12 - -1) + -1.
-6
15 + (-11 - -10) - 4
10
What is the value of -4 + -4 + 14 - 13?
-7
Calculate 9 + -23 + 20 + (5 - 1).
10
What is the value of -18 + 34 + -5 + -14?
-3
What is (-5 - (-3 - 2)) + -6?
-6
What is the value of -56 + 17 + 17 + 20?
-2
Calculate 58 - (35 + (-28 - -33)).
18
What is the value of (-27 + 29 - (2 + -1)) + 3?
4
What is 8 - ((-13 - -36) + 0 + 12)?
-27
-10 - (1 - (6 - -7) - -8)
-6
What is -13 - (-57 + (-6 - -13)) - 4?
33
Calculate -22 - (11 - (-3 - -3)) - -4.
-29
Evaluate (-19 - -10) + 18 - 17.
-8
What is -2 - (4 - (-7 - (-3 + -4) - -10))?
4
Calculate 8 + 0 - (5 - (0 + 5)).
8
What is the value of 7 + (11 - 0) + -24?
-6
Evaluate (-2 - 16) + 13 + (-3 - (-3 + 2)).
-7
Calculate -22 - (5 - (4 + (6 + -6 - -8))).
-15
Calculate 17 + 2 + (-11 - 23).
-15
(-11 + 12 - (-22 + 16)) + -10
-3
(384 - 384) + (15 - 0)
15
Calculate -29 - -11 - -6 - -36.
24
Calculate -14 + 25 + -56 + 57.
12
What is the value of 5 + (-3 + -2 - (-3 - (2 - 5)))?
0
Evaluate 15 + -14 + 22 - 19.
4
Calculate 3 + (1 - -5) - -3 - (4 - -3).
5
What is the value of 20 - 9 - 30 - 1?
-20
Calculate 4 - (-14 - (-17 - -5)).
6
Evaluate -20 - ((6 - -2) + -22).
-6
Evaluate (26 - 9) + -10 + -3 - 0.
4
-14 + 4 - ((-4 - -2) + 1 - -1)
-10
Calculate -4 - (14 - 8) - (-1 - 3) - -8.
2
What is the value of -22 + 5 + (1 - 5 - -9)?
-12
What is (19 - 12) + 4 + (6 - 13)?
4
Calculate 1 + 11 - (-17 + 48 - 25).
6
What is the value of -287 - -285 - (18 + 1)?
-21
What is -3 - (-19 - -10) - 18?
-12
(1 - (2 - 1 - -35)) + -10 + 18
-27
What is the value of -3 + 11 - (-23 + 21 - (-5 + 0))?
5
(-34 - -14 - (-1 - 4)) + 5
-10
What is 0 + (2 - 6) + 7 - -13 - 8?
8
Evaluate 127 - 115 - (11 - -2).
-1
Evaluate -12 + (2 - ((12 - 7) + -1)).
-14
What is the value of -14 - (3 - 6) - (-14 - -12)?
-9
What is (2 - 16) + 4 + 9?
-1
(22 + -1 - (300 + -294)) + -35
-20
What is (-15 - 3 - -3) + 3 + 59 + -55?
-8
Calculate 0 - -25 - (-6 - (-14 + 5 + -3)).
19
What is (-2 - -2) + (1229 - 1233)?
-4
0 + 0 + 21 + -246 + 239
14
18 + (-1 - 3) + 32 + -40
6
Calculate 4 - 4 - (10 - (3 + 4)).
-3
What is 16 + (-2 - -1 - 10) + -1?
4
-148 + 118 - (-39 + 0)
9
Calculate -8 + (9 - (16 - 9)).
-6
What is the value of -39 + (4 - -10) + 45?
20
6 - ((0 - 8) + -3 + 11)
6
Calculate (753 - 739) + (1 - 31).
-16
Calculate -2 - 9 - (2 - 3).
-10
28 + (9 - (6 - (-17 - -7)))
21
Evaluate -10 + (-3 + -9 - -16) - -14.
8
What is 9 + (-5 - -26 - 22)?
8
What is the value of 17 - (18 - 4 - 4)?
7
-5 - (16 - (24 - -1))
4
What is the value of -4 - (1 - -1) - (25 + -27) - -7?
3
What is the value of -2 + 8 - ((-3 - -14) + -11)?
6
6 + -5 + (-7 + 16 - (4 - 0))
6
What is the value of -23 + 42 + -16 - 18?
-15
Evaluate (1 + 0 - -10) + (-21 - 2).
-12
What is the value of 4 - (34 + 2 - 20)?
-12
What is the value of 3 - (-8 + (27 - 7)) - (9 + -2)?
-16
-4 + (9 - 14) + 3
-6
5 - (18 - (7 + -14 + 17))
-3
Evaluate 25 + -1 + (-2 - -2 - (-3 + 4)).
23
What is 22 - (-1 - (-2 + 1) - (5 - 11))?
16
Calculate ((0 - -1) + -5 - 8) + 0.
-12
What is -3 + 0 - ((4 - 2) + -20)?
15
Evaluate 592 + -602 + (0 - -41).
31
What is the value of 25 - (5 + 2 + -7 + 6)?
19
Calculate (3 - 5 - -7) + 0 + (-2 - 24).
-21
-20 + (-14 - -11) - ((0 - 3) + -2)
-18
-1 + -12 - (-2 + -11 - -16)
-16
Evaluate -16 - (-31 + 31 + (-1 - 1) + -1).
-13
Evaluate 27 + 3 + -26 + (1 - 1 - -1).
5
What is 59 + -15 + -22 - (1 - 1)?
22
Evaluate (-19 - -23) + (-7 - 2) - (0 - 9).
4
What is the value of -74 - (-7 - (-30 + 66))?
-31
What is 7 - (13 - (-2 - (10 + -2)))?
-16
What is -33 + 0 + 428 + -427?
-32
Evaluate 6 + -7 + 4 + -7 + -1 - 5.
-10
What is the value of (6 - -10 - 10) + (-2 + 8 - 0)?
12
(9 - ((1 - 2) + 7)) + 3 + -9
-3
8 + (2 + -11 - -11)
10
Calculate (9 - -1) + 38 + -66 + 11 - -40.
33
Calculate -12 + (-14 - -9) - (6 + 5).
-28
What is 59 + -39 - (0 + -2 + (-1 - -1))?
22
What is the value of (-70 - -71) + 0 + (-3 - (-1 + 1))?
-2
Calculate -13 + 14 - (-2 + -4).
7
Calculate (-8 - (1 + -6)) + 26.
23
Evaluate (27 - (6 + 15)) + 14.
20
What is the value of 2 + (7 + -2 - 10 - -6)?
3
What is (-4 - (-6 - -2)) + (8 - 8 - 7)?
-7
-2 + (16 - 5) - (-11 + 14) - 10
-4
Calculate (2 - 13) + (19 - 12) + 6.
2
-9 + (25 - -7) + (12 - 20)
15
Evaluate -1 + -6 - (130 - 125) - -30.
18
What is the value of -15 + -1 - -2 - ((-46 - -21) + 20)?
-9
Evaluate 13 - -2 - (-29 + (1 - -33)).
10
Calculate 1 - ((-16 - -17) + -4 + (6 - -16)).
-18
0 - -20 - (-148 - -162)
6
What is -7 - (4 - (13 + 7)) - (0 - -3)?
6
Evaluate -1 - 6 - (24 + -23 + -4 + -3).
-1
Calculate -16 + 13 + -5 + -4.
-12
Evaluate 6 + -5 + (0 - (1 + 6 + -18)).
12
Evaluate -1 + 0 + -14 + -1218 + 1225.
-8
What is 8 + 5 + -6 + -4 - 4?
-1
-14 + 32 + 8 - -5
31
Evaluate 11 - (-2 + -13 + 12).
14
Evaluate -6 - (4 - 2) - 2 - (-12 - -11).
-9
Evaluate (-1 - -3 - (2 + 3)) + (43 - 54).
-14
Calculate (-3 - -14 - 0) + 110 + -108.
13
(-2 - -20) + -1 + 5 - -4 - 4
22
What is -101 - -32 - -35 - -47?
13
(2 - 28 - (2 + -2)) + (117 - 123)
-32
What is the value of 17 + 12 + -33 + 18 + 2?
16
Calculate 3 - 0 - (-56 + 68).
-9
9 + (10 - (-5 - (14 + -45)))
-7
-3 - (-3 - (-3 + 1 - 1) - -6)
-9
What is the value of -164 + 135 + (17 - -2)?
-10
Calculate 17 + (-16 + -1 - (-29 + 24)) + 4.
9
Calculate (11 - 14) + 0 + -3.
-6
What is the value of (18 - 32) + (12 - 1)?
-3
What is the value of 5 + -1 + (4 + 8 - 41) + 60?
35
Calculate (4 - 9 - 0) + 1 - -1 - -4.
1
Calculate (2 - -6) + -5 + 85 + -66.
22
What is the value of (0 - -1) + -10 + 14?
5
Calculate 58 + -73 - (1 - 4 - 8) - -10.
6
-2 - (21 - (-1 + -3 + -5))
-32
(-5 - ((4 - 2) + -5)) + 7
5
What is the value of -3 + (0 - -3) - -6 - (111 - 78)?
-27
What is 7 - (8 + -23 - -5)?
17
What is -33 + 29 - ((2 - 7) + (-1 - 2))?
4
What is the value of 21 + (6 - 73) + 32?
-14
Calculate -16 + -5 + 4 + -23 + (39 - 19).
-20
2 - 0 - (-25 + 0 - -12)
15
Evaluate (2 - (4 + -4)) + (9 - 21).
-10
What is (17 - 7 - 9) + -12?
-11
What is -6 + 0 + -2 + (37 - 29)?
0
What is 2 + (9 - 13) + (-2 - -4) + 6?
6
Calculate -4 - (-24 - (24 + -21)).
23
Wh